- 210. Suppose 0 = 3*h - 644 - 55. Suppose 4*n + 1200 = 5*p + 49, -2*n + h = p. What is the highest common factor of u and p?
21
Let m be (1008/210)/(1/15). Calculate the greatest common divisor of 24 and m.
24
Let g be (2/4)/(2/(-12)). Let l be g/2*544/(-24). Let m be (-581)/(-35) + 4/10. Calculate the highest common divisor of l and m.
17
Let i(a) = 20*a**3 - 2*a**2 - 2*a + 3. Let o be i(1). What is the greatest common divisor of 19 and o?
19
Let r(y) = y**3 - 3*y**2 + y - 3. Let m be r(3). Suppose 0 = 4*t - m*t - 84. What is the greatest common divisor of t and 14?
7
Let a(m) = m**2 - m - 60. Let o(b) = 2*b**2 + 55*b - 39. Let x be o(-28). Let f be a(x). What is the greatest common divisor of 9 and f?
9
Let j = 45 - 47. Let z be (391/17)/((-1)/8*j). Suppose -2*w = -0*w - 46. Calculate the greatest common divisor of w and z.
23
Suppose -4*y + 12*y - 80 = 0. Suppose 5*c - 22 = -4*d, -y = 3*d + 2*d. Calculate the greatest common factor of c and 4.
2
Let x = 127 + -119. Calculate the greatest common factor of 24 and x.
8
Suppose 71 = 13*r - 345. What is the highest common divisor of 112 and r?
16
Suppose -4*y - 4 = 2*u, -2*u - 4*y + 6*y = -14. Calculate the greatest common factor of u and 20.
4
Suppose 0 = -o + 2, 11 = c - 2*o + 8. Calculate the highest common factor of 196 and c.
7
Let l = -231 - -242. What is the highest common divisor of 539 and l?
11
Let j = -7 - -14. Let f be 2/6 + j/(-21). Suppose 0 = -f*i - 2*i + 52. What is the greatest common divisor of i and 39?
13
Let l(b) = 5*b**2 - 23*b + 17. Let m be l(4). Let p = 1 + -1. Suppose p*n = 4*n - 100. What is the greatest common divisor of n and m?
5
Suppose -408 = -4*g - 56. Let i = -585 - -596. What is the greatest common factor of i and g?
11
Let n(u) = -7*u + 20. Let s be n(-4). Suppose 3*w - 61 = -4*a, 0 = 3*w - 2*a + 11 - s. What is the highest common factor of w and 135?
15
Suppose -2*c = -0*c. Suppose 3*z - 4*m - 68 = c, z - 5 = -4*m + 7. What is the greatest common divisor of z and 50?
10
Let z be (2 - -19) + (-2 - -5). Suppose 46*y - 47*y + 16 = 0. Calculate the greatest common divisor of z and y.
8
Let l(t) = -t**2 - 27*t. Let o be l(-27). Suppose -2*m - 20 = -5*x, o*x + 4 = x + m. Let h = -15 + 21. Calculate the greatest common factor of h and x.
2
Suppose 3*r + 0*k = 3*k + 876, 876 = 3*r + k. What is the highest common factor of r and 4?
4
Suppose -2*o - 19 = -179. Suppose 2*v - 37 = 2*b - 7, -4*b + 10 = 3*v. What is the highest common factor of o and v?
10
Suppose 3*x = 2*x + 5*s + 76, 74 = x - 4*s. Calculate the highest common factor of 363 and x.
33
Let l(u) = u**3 - 6*u**2 - 6*u - 2. Let y be l(7). Suppose -3*x + 0*x = -9, -83 = -4*a - x. What is the greatest common divisor of y and a?
5
Let r be (-13)/52 + 23/(-4). Let z be 96 + 6 + r - (-3 + 1). Calculate the greatest common divisor of 14 and z.
14
Let q(m) = 12*m**3 - m**2 - m + 2. Suppose 0*f - 8 = -8*f. Let c be q(f). Let z be 2/3*(-2 - -29). Calculate the greatest common divisor of c and z.
6
Let r(a) = 28*a + 954. Let i be r(-34). What is the highest common factor of i and 13?
1
Suppose -4*x - q + 573 = 0, 4*q - 3 = q. Calculate the highest common factor of x and 26.
13
Let s be (-9)/2*14592/(-144). What is the highest common divisor of 57 and s?
57
Suppose -28*o + 1037 = -1203. What is the greatest common factor of o and 28?
4
Let q = 109 - 47. Suppose 5*d = -7 + q. Calculate the highest common factor of 33 and d.
11
Let u = 50 + 22. Suppose 0 = -5*h + a + 55 + 2, u = 5*h + 4*a. Let i(s) = -7*s - 4. Let f be i(-4). Calculate the greatest common divisor of f and h.
12
Let o(r) = -2*r**3 + 2*r**2 - 2*r - 2. Let g be o(-2). What is the highest common factor of g and 91?
13
Suppose 4*m = 2*m - 4*k + 68, m + 5*k = 49. Calculate the highest common factor of m and 36.
12
Let l(u) = -u**2 + 4*u + 10. Let n be l(7). Let y be (-20)/n - (-6)/33. Let o be 97/6 + y/(-12). Calculate the greatest common divisor of 24 and o.
8
Let y = 177 - 172. What is the greatest common factor of y and 160?
5
Let i be 16/(1 - (-1 - 0)). Calculate the highest common factor of i and 32.
8
Let r = 12 - 10. Suppose s + 0*s = r. What is the highest common factor of 18 and s?
2
Suppose 0 = -13*z + 4217 - 70. What is the greatest common factor of 11 and z?
11
Let q = 574 + -371. Suppose 5*p = 7*p - 58. What is the highest common divisor of q and p?
29
Let o(w) be the second derivative of 41*w**4/12 - w**3/2 + w**2 - 23*w. Let i be o(2). What is the highest common divisor of 10 and i?
10
Suppose 2*d + 672 = 18*d. What is the greatest common factor of 18 and d?
6
Suppose 5*s - 3*y = 98 + 6, -4*s + 3*y = -82. What is the greatest common divisor of s and 66?
22
Let p be -1 + 3 + 6*34/6. Calculate the highest common factor of 30 and p.
6
Suppose -502 - 1330 = -4*h + 4*x, -1818 = -4*h - 3*x. Suppose -g = y + g - 117, 0 = -4*y + 4*g + h. Calculate the greatest common divisor of y and 23.
23
Let c be 3 - ((-4620)/135 - (-2)/9). What is the highest common factor of 296 and c?
37
Let p be (11/3 - -9)/(4/6). Calculate the highest common factor of 171 and p.
19
Suppose 0 = -5*a + 2*w + 4913, 12*a + 2*w = 13*a - 989. Calculate the highest common divisor of 9 and a.
9
Let o(h) = -h**2 - 34*h + 88. Let b be o(-30). Suppose 5*n - n + p = 66, 5*n - 86 = -3*p. What is the highest common divisor of b and n?
16
Suppose -d = 2*d - 9. Calculate the highest common factor of 69 and d.
3
Let g = 37 + -34. Suppose -2*j = 3*j - 110. Let f = -10 + j. Calculate the greatest common divisor of g and f.
3
Let x(v) = 21*v - 50. Let r be x(3). What is the highest common factor of 3 and r?
1
Suppose 9 + 59 = 4*t. Let i be (-15)/(1 + -4) + 395. Let k = 570 - i. Calculate the highest common divisor of k and t.
17
Let p = -910 - -1117. Calculate the highest common factor of p and 46.
23
Let j(s) = 3*s**3 + 2*s**2 - 3*s - 5. Suppose 0 = -2*w + 2 - 6. Let h be j(w). Let u = h - -17. What is the highest common factor of 1 and u?
1
Let k = 34 + 46. Calculate the highest common factor of k and 160.
80
Suppose -6 - 4 = -5*f. Let x be (-16)/(-4*f/4). Let h = -13 + 33. What is the greatest common divisor of x and h?
4
Let t be (-33 + 18 - -22) + (70 - 2). Let j(q) = 14*q + 2. Let c be j(2). What is the highest common factor of t and c?
15
Let n(i) = -i**2 + 5*i + 5. Let j be n(4). What is the highest common factor of j and 36?
9
Let w(v) = v**3 + 3*v**2 - 2*v - 1. Let b be w(-3). Suppose 0*n - b*o - 18 = -n, 4*o + 48 = 5*n. Calculate the greatest common factor of n and 10.
2
Let w be (-12 + (-84)/(-6))*2. Calculate the greatest common factor of w and 768.
4
Suppose -2*b - 5*y + y + 88 = 0, -y + 122 = 3*b. What is the greatest common factor of b and 5?
5
Let q be 214/2675 + (-18848)/(-25). Calculate the greatest common divisor of 130 and q.
26
Let p be 2757/4 + (-52)/208. What is the greatest common factor of 159 and p?
53
Let k = 25 - 13. Suppose 3*j = 2*j + 2. Suppose 0 = -j*r + 2*s + 22, 3*r - 45 = -r + 3*s. Calculate the greatest common divisor of r and k.
12
Let t = -7 - -12. Suppose -t*h + 11*h - 36 = 0. What is the highest common divisor of 102 and h?
6
Suppose -2*v - 20 = -6*v, 3*l - 4*v = 16. Let a = 6 + -3. Suppose 3*g = l + a. What is the greatest common divisor of 55 and g?
5
Let m be (-4)/42 - (-220)/(-420)*-130. What is the greatest common divisor of m and 306?
34
Let q = -78 + 35. Let n = q - -61. What is the greatest common divisor of 6 and n?
6
Suppose -4*q - 15 = -5*b, -3*b + 2*q + 12 = -q. Let f be (40/24)/(b/(-33)). Calculate the greatest common divisor of 5 and f.
5
Suppose -j - 3 = 0, -4*k + 289 = -0*j + 5*j. What is the greatest common divisor of 57 and k?
19
Suppose -21*j = -4*j - 527. What is the highest common factor of 1 and j?
1
Suppose -5*x - 52 = -3*x. Let a = x + 38. Let s be 96/2 - (2 - 2). Calculate the greatest common factor of s and a.
12
Let p be 1672/8 + 2 + -1. What is the greatest common divisor of 980 and p?
70
Let s(c) = -9 + 11*c - 8*c**2 + c**3 + 5 - 5. Suppose 21*a - 30*a + 63 = 0. Let g be s(a). Calculate the highest common factor of g and 38.
19
Suppose 2*s - 196 = 7*d - 2*d, s - 112 = -d. Suppose 5*o = -5*x - 15, -o = -5*o - 12. Let y be 0 + x + 1 - -11. Calculate the highest common divisor of s and y.
12
Let l = 1267 - -792. What is the high